{"id":1124,"date":"2016-05-26T09:31:41","date_gmt":"2016-05-26T09:31:41","guid":{"rendered":"http:\/\/pension.da-fulvio.de\/?page_id=1124"},"modified":"2018-05-26T08:56:53","modified_gmt":"2018-05-26T08:56:53","slug":"preise","status":"publish","type":"page","link":"https:\/\/pension.da-fulvio.de\/index.php\/preise\/","title":{"rendered":"Preise"},"content":{"rendered":"<p>Leistungen &amp; Preise Egal ob Urlaub oder gesch\u00e4ftliche Reisen. Wir bieten Ihnen 12 gem\u00fctliche Zimmer, in dem Sie sich wohlf\u00fchlen werden. Und falls Sie etwas brauchen: wir sind f\u00fcr Sie da. Fast rund um die Uhr. Folgende Preise gelten ab 01.01.2018 Einzelzimmer: 35,00  <a href=\"https:\/\/pension.da-fulvio.de\/index.php\/preise\/\" title=\"Read more on Preise\" class=\"more-link\">read more<\/a><\/p>\n","protected":false},"excerpt":{"rendered":"<p>Leistungen &amp; Preise Egal ob Urlaub oder gesch\u00e4ftliche Reisen. Wir bieten Ihnen 12 gem\u00fctliche Zimmer, in dem Sie sich wohlf\u00fchlen werden. Und falls Sie etwas brauchen: wir sind f\u00fcr Sie da. Fast rund um die Uhr. Folgende Preise gelten ab 01.01.2018 Einzelzimmer: 35,00 read more<\/p>\n","protected":false},"author":1,"featured_media":0,"parent":0,"menu_order":0,"comment_status":"closed","ping_status":"closed","template":"","meta":{"footnotes":""},"class_list":["post-1124","page","type-page","status-publish","hentry","no-thumb"],"_links":{"self":[{"href":"https:\/\/pension.da-fulvio.de\/index.php\/wp-json\/wp\/v2\/pages\/1124","targetHints":{"allow":["GET"]}}],"collection":[{"href":"https:\/\/pension.da-fulvio.de\/index.php\/wp-json\/wp\/v2\/pages"}],"about":[{"href":"https:\/\/pension.da-fulvio.de\/index.php\/wp-json\/wp\/v2\/types\/page"}],"author":[{"embeddable":true,"href":"https:\/\/pension.da-fulvio.de\/index.php\/wp-json\/wp\/v2\/users\/1"}],"replies":[{"embeddable":true,"href":"https:\/\/pension.da-fulvio.de\/index.php\/wp-json\/wp\/v2\/comments?post=1124"}],"version-history":[{"count":31,"href":"https:\/\/pension.da-fulvio.de\/index.php\/wp-json\/wp\/v2\/pages\/1124\/revisions"}],"predecessor-version":[{"id":2970,"href":"https:\/\/pension.da-fulvio.de\/index.php\/wp-json\/wp\/v2\/pages\/1124\/revisions\/2970"}],"wp:attachment":[{"href":"https:\/\/pension.da-fulvio.de\/index.php\/wp-json\/wp\/v2\/media?parent=1124"}],"curies":[{"name":"wp","href":"https:\/\/api.w.org\/{rel}","templated":true}]}}